3)/(-9)*0 is divided by 16?
14
Let g(f) = -f**2 + 11*f + 12. Let q be g(12). Suppose -2*j + 6 + 26 = q. What is the remainder when 30 is divided by j?
14
Let f = 4 + -2. Let z = 18 + -15. What is the remainder when z is divided by f?
1
Calculate the remainder when 53 - (-8)/(32/12) is divided by 15.
11
Suppose -2*b + 9*b - 49 = 0. Calculate the remainder when b is divided by 3.
1
Suppose r + 3 = 0, 4*b + 2*r + 0*r = 38. Suppose 3*t = 2*w - 92, 4*t + 180 = w + 3*w. What is the remainder when w is divided by b?
10
Let a(u) = -2*u + 7. What is the remainder when 73 is divided by a(-6)?
16
Suppose 0 = 5*h - 9*h + 24. What is the remainder when h is divided by 2?
0
Suppose -4*p + 156 = 2*i, i + 0*i = 4*p - 162. What is the remainder when p is divided by 21?
19
Let a(n) = 2*n**2 + 3*n - 39. Let m(q) = -q**2 - 2*q + 20. Let o(z) = 4*a(z) + 7*m(z). What is the remainder when 35 is divided by o(-5)?
16
Suppose i - 179 = -5*v, -2*v - 4*i + 34 + 34 = 0. Calculate the remainder when 105 is divided by v.
33
Let w(x) = x**2 + 5*x + 5. Let j be w(-6). Let q(a) = a**3 - 12*a**2 + 13*a - 1. What is the remainder when q(j) is divided by 11?
10
Let x = 2 - 2. Let v(b) = 2*b - 1. Let m be v(7). Suppose 2*s - 3 - m = x. Calculate the remainder when s is divided by 3.
2
Suppose 0 = 25*h - 16*h - 765. Calculate the remainder when h is divided by 10.
5
Let n(u) = 63*u + 2. Let w be n(-2). What is the remainder when 5 is divided by w/(-44) - 4/(-22)?
2
Let d be (-1)/(0 - 1) + -2. Let h be d + -2 + 66/3. Calculate the remainder when 15 is divided by h/4 + (-3)/4.
3
Suppose 260 + 6 = 7*v. Suppose 2 + 0 = q. Suppose -q*l + 15 = -c - 21, -c - 56 = -3*l. Calculate the remainder when v is divided by l.
18
Let r = -29 - -44. Suppose -2*u + 45 = 3*u. Calculate the remainder when r is divided by u.
6
Let k(b) = -b + 13. Let m be k(10). Suppose m*f = -0*f - 5*u + 44, 56 = 2*f - 2*u. Calculate the remainder when f is divided by 13.
10
Let g = 5 + 0. Suppose 0 = -4*p, 3*x + g*p - 21 = 6. Calculate the remainder when 24 is divided by x.
6
Suppose 64 = 2*g - 76. Calculate the remainder when g is divided by 18.
16
Calculate the remainder when 226 is divided by 4 + 30*1 - 4/(-1).
36
Let i(k) = 4*k - 15. What is the remainder when 22 is divided by i(7)?
9
Let z(a) = a - 22. Let i be z(8). Let w = i - -24. What is the remainder when 57 is divided by w?
7
Suppose 9*p - 15 = 4*p. Suppose -5*y - p = -33. What is the remainder when 11 is divided by y?
5
Let d = 14 + -7. Let m = d - -6. Calculate the remainder when m is divided by 5.
3
Calculate the remainder when 100 is divided by (6/(-12))/((-5)/170).
15
Suppose -3*c + 4*v + 0*v = -50, c - 16 = v. Calculate the remainder when 54 is divided by c.
12
Suppose -18*x + 64 = -14*x. Calculate the remainder when 58 is divided by x.
10
Let h(k) be the second derivative of 3*k**5/10 - k**3/6 + k**2/2 + 7*k. What is the remainder when 17 is divided by h(1)?
5
Let p = 2 - 0. Let q = -57 - -74. What is the remainder when q is divided by 8 + (-4 - (-4)/p)?
5
What is the remainder when (7/(21/(-621)))/(1 + -2) is divided by 35?
32
Let g(c) = 2*c - 2. Let f be g(2). Suppose 3*p = 8 + 7, 2*s + f*p = 102. What is the remainder when s is divided by 12?
10
Let d(y) = -y**2 + 14*y + 12. Calculate the remainder when 72 is divided by d(13).
22
Let v(z) = z**2 - z + 14. Suppose -5*y = -2*j + 94 - 11, 3*j = 3*y + 120. Calculate the remainder when j is divided by v(0).
11
Let r = -73 + 203. Suppose r = 4*w + 3*u, 2*u = 4*w - 0*u - 120. What is the remainder when w is divided by 11?
9
Let m(d) = 2*d - 4. Let n be m(3). Let o = -3 - n. What is the remainder when 46 is divided by 118/5 - 2/o?
22
Suppose 2*l - 11 = -3*s, 2*s + 0*l - 34 = 4*l. What is the remainder when 11 is divided by s?
4
Let u(o) = -o**3 + 7*o**2 - 6*o + 2. Calculate the remainder when 6 is divided by u(6).
0
Let c = 180 + -168. What is the remainder when 34 is divided by c?
10
Let z(f) = 33*f**3 - f**2 - 3*f + 3. What is the remainder when 127 is divided by z(1)?
31
Suppose 4 = 2*x - 6*x, -5*h - x = 16. Let b be (-235)/h + (-2)/(-3). Suppose -b = -4*f + 213. What is the remainder when f is divided by 19?
16
Suppose -4*i = m + i + 13, -5*m + 1 = 3*i. Let x(l) = -44*l**2 + l**3 + 48*l**m - 2*l**3. What is the remainder when x(3) is divided by 5?
4
Suppose -x = 5*b - 130, 3*x = -0*b + 3*b - 60. Let k = 2 - 2. Suppose 2*u - 5*c - 18 = k, 3*u + u - 36 = -3*c. What is the remainder when b is divided by u?
7
Let d(p) = 8*p - 4. Let w(o) = o + 1. Let z(a) = d(a) - 4*w(a). What is the remainder when 22 is divided by z(5)?
10
Suppose v - 5 + 1 = 0. Suppose -3*p = -v - 20. What is the remainder when 21 is divided by p?
5
Let k = -3 - -21. Let v(z) = -z + 52. What is the remainder when v(0) is divided by k?
16
Suppose -2*k - 3*q + 3 = -10, 0 = -5*k + 3*q + 85. Suppose -3*n = -2*z + 63 + 6, -3*z - 4*n + 129 = 0. Calculate the remainder when z is divided by k.
11
Let d = 19 + -7. Suppose y + d = 3*y. What is the remainder when 9 is divided by y?
3
Calculate the remainder when 59 is divided by (-13 - -1)/(-1) + 0.
11
Let a(b) = -2*b. Let p be a(-3). Let f(i) = -i**3 + 6*i**2 + 4*i + 5. What is the remainder when f(p) is divided by 15?
14
Suppose 12 = 2*o + 2*u - 3*u, o + 3*u = 13. Calculate the remainder when o is divided by 2.
1
Suppose -2*s + 14 - 2 = 0. What is the remainder when (-8)/(s/9*-3) is divided by 3?
1
Suppose 9 = -y + 2*y. Calculate the remainder when y is divided by 6.
3
Let r = -214 + 255. Let d(p) = 9*p. Let i be d(-4). Let k = i - -50. Calculate the remainder when r is divided by k.
13
Let b be (-2)/(-4) + (-2)/(-4). Let h = -1 + 8. Suppose z = -b + h. Calculate the remainder when 16 is divided by z.
4
Let r = 64 + -62. Calculate the remainder when 2 is divided by r.
0
Suppose -85 + 13 = -9*r. Let y(d) = 4*d**2 - d - 3. Calculate the remainder when y(3) is divided by r.
6
What is the remainder when 483/46 - 6/4 is divided by 3?
0
Suppose 0 = 5*c - 5*x, 12 = 4*c + 3*x - 9. What is the remainder when 2*(c - (-61)/2) is divided by 17?
16
Suppose -2*l = 5*d, 0 = l - 4*d - 6 + 19. Let z = -3 - -3. What is the remainder when -4*(l/4 - z) is divided by 2?
1
Let s = 23 + -21. Suppose -5*k = 3*w + 9, 0*k - 6 = -k + 2*w. Suppose k*u = s*u - 62. Calculate the remainder when u is divided by 11.
9
Let z be 6/(-4) + 13/2. Calculate the remainder when (-76)/(-2) + (5 - z) is divided by 10.
8
Suppose -5 = x - 2*p, -3*p = 5*x - p - 35. Calculate the remainder when 9 is divided by x.
4
Suppose 5*g - 4*q - 87 = 64, 2*g + 3*q - 65 = 0. What is the remainder when 58 is divided by g?
27
Suppose 0 = 8*g - 11*g + 54. What is the remainder when 49 is divided by g?
13
Let y(h) = -h**3 - 8*h**2 + 5*h - 12. Calculate the remainder when 119 is divided by y(-9).
23
Suppose 0*k + w = k, 2*k = 3*w + 5. Let p = 1 - k. Suppose 0 = 2*j, 4*f - 3*f + 2*j = p. What is the remainder when f is divided by 4?
2
Let j(z) = -z**3 + 7*z**2 + 10*z - 2. Suppose 34 = 5*u + 3*h, -4*u + 3*h - 5*h + 28 = 0. What is the remainder when j(u) is divided by 5?
4
Let s(d) = -d**3 + 3*d**2 + 6*d - 4. Suppose 4*k + 13 = v - 0*k, -v - 14 = 5*k. Calculate the remainder when (-7)/2*(-2)/v is divided by s(4).
3
Suppose 0 = 2*p + p + 12. Let t be 2/p*-7*-2. Let v = t + 12. What is the remainder when 7 is divided by v?
2
Let b(c) = -25*c**3 + 1. Suppose 3*g - 6 + 0 = 0. Suppose g = -t + 1. What is the remainder when b(t) is divided by 14?
12
Suppose 2*l = -2*l, 2*l = -4*j + 656. Suppose -5*z = k - j, -z - 62 = -3*z - 4*k. What is the remainder when z is divided by 12?
9
Let m = 3 - 0. Suppose v + m*v = 2*b + 124, -v + 31 = 5*b. Calculate the remainder when v is divided by 17.
14
Let t(w) = -9*w + 10. Calculate the remainder when 137 is divided by t(-4).
45
Let o(v) = 3*v + 9. What is the remainder when 78 is divided by o(0)?
6
Suppose 11*c - 44 = 9*c. Calculate the remainder when c is divided by 4.
2
Let h be (-8)/(-3)*(-6)/(-4). Suppose 3*p + 121 = h*p. Suppose 5*t - r - p = r, 130 = 5*t - 5*r. What is the remainder when 45 is divided by t?
22
Let u(a) = 18*a**3. Let v be u(1). Suppose -3*z + 57 = -v. Calculate the remainder when z is divided by 6 + 7 + 1 + -1.
12
Let r(g) = -2*g + 35. Calculate the remainder when r(8) is divided by 10.
9
Let i(w) = w.